when 24 is divided by k(z).
11
Calculate the remainder when 3 + 531/(-6)*4/(-6) is divided by 13.
10
Suppose -y - y = -4*d + 190, -4*d + 175 = y. Calculate the remainder when d is divided by 24.
21
Let x(k) = -k**3 - 5*k**2 + 2*k + 10. Let n be x(-5). Let d = 11 + n. What is the remainder when 18 is divided by d?
7
Let c(q) = -q**2 + 11*q + 10. Suppose -2*j + 0 - 10 = 0. Let t(k) = 2*k**2 + 5*k - 6. What is the remainder when t(j) is divided by c(11)?
9
Let s(d) be the first derivative of -d**3/3 + 9*d**2/2 - 12*d - 6. What is the remainder when ((-17)/(-3))/(2/6) is divided by s(6)?
5
Let z(j) = j**3 - 5*j**2 - j + 2. Let b = 5 + -1. Let q be z(b). Let a = q - -25. Calculate the remainder when a is divided by 2.
1
Let s be (-2)/(-2) + (-2 - -1). Suppose -2*z + s*z + 18 = 0. Calculate the remainder when 34 is divided by z.
7
Let m = -29 + 144. Suppose 0 = -0*z + 5*z - m. Let t = 32 - z. Calculate the remainder when 25 is divided by t.
7
Suppose s + 0*s = 0, -a - s = 30. Let n = -13 - a. What is the remainder when 84 is divided by n?
16
Let x = -42 + 57. Calculate the remainder when x is divided by (2/(-4))/(2/(-24)).
3
Suppose -3*o - 19 - 10 = -5*t, 0 = o + 5*t - 17. Suppose -5*c + 50 = -5*g, c - 10 = -g - 0. Let r = c + o. Calculate the remainder when 12 is divided by r.
5
Let c(h) = 4*h**2 + h - 3. Suppose 3*r = -2 + 8. Suppose -4*a - 3*z = -79, -2*a - 2*a - r*z + 74 = 0. Calculate the remainder when c(-3) is divided by a.
14
Suppose -191 + 7 = -4*h. What is the remainder when h is divided by (2/(-4))/(-2*3/144)?
10
Let s(n) = 2*n**3 - 4*n**2 + 2*n + 1. Let h(c) = 10*c**3 - 2*c**2 + 1. Calculate the remainder when h(1) is divided by s(2).
4
Let y = -16 - -25. Suppose 3*z - 1 = 5. Suppose z*q = 3*q - 4, b + 4*q - 21 = 0. Calculate the remainder when y is divided by b.
4
Suppose -2*g = 2*k - 2, -4*g + 4*k = -5*g - 8. Suppose 3*v = g*v - 6. Calculate the remainder when v is divided by 2.
0
Calculate the remainder when 91 is divided by -2 + (1 - -34 - (-3 + 4)).
27
Let i = -72 + 149. What is the remainder when i is divided by 40?
37
Suppose -o = -2*y + o - 62, -5*o = 3*y + 133. Let r = y + 60. Calculate the remainder when 95 is divided by r.
23
Suppose 32 = -2*l - 6. Let v = 41 + l. What is the remainder when 42 is divided by v?
20
Suppose 5*s - 45 = -10. Let g(h) = 1 + 5*h - 3 - 4*h**2 + 5*h**2. Calculate the remainder when s is divided by g(-6).
3
Suppose 0 = 2*p - 15 - 29. Let s = p - 9. What is the remainder when 25 is divided by s?
12
Suppose 3*b - 84 = -3*b. Calculate the remainder when b is divided by 6.
2
Suppose 0 = 2*r + 5*k + 23, 0 = 5*r - 5*k - 16 - 14. What is the remainder when r is divided by 1?
0
Let w(r) = -r**2 - 3*r - 1. Let l be w(6). Let n = -37 - l. Calculate the remainder when 69 is divided by n.
15
Let l(t) = 2*t**2 + 5*t. Calculate the remainder when 23 is divided by l(-4).
11
Suppose -56 = -c + 5*r - 1, 0 = -c + r + 63. What is the remainder when c is divided by 23?
19
Suppose -77*v - 5 = -78*v. What is the remainder when 23 is divided by v?
3
Let j(g) = -15*g**3 + 2*g + 1. Suppose -c = -0*c + 1. What is the remainder when 55 is divided by j(c)?
13
Let p be 15/4 - 3/(-12). Suppose 5*l = p*l + 41. Calculate the remainder when l is divided by 11.
8
Let y be (-1)/1 + (-8)/(-8). Suppose 2 = n, y*n - 4*n + 53 = 5*w. Let z(k) = 17*k + 1. Calculate the remainder when z(2) is divided by w.
8
What is the remainder when 1/(1/(-1 + 14)) is divided by 5?
3
Let x = -672 - -695. Suppose -2*j - 272 = 2*j. What is the remainder when x is divided by j/(-8) + 2/(-4)?
7
Let x = -147 - -370. Calculate the remainder when x is divided by 56.
55
Let m(x) = x**3 + 11*x**2 - x - 3. Calculate the remainder when 22 is divided by m(-11).
6
Calculate the remainder when 43 is divided by (22/3)/(-4 + 78/18).
21
Let x(j) = -3*j - 3. Suppose -3*g + 85 = -2*n, 4*g = 5*g + n - 30. Calculate the remainder when g is divided by x(-6).
14
Suppose 2 = -v + 5. Let t(i) = i - 8*i + v*i. Calculate the remainder when t(-7) is divided by 10.
8
Suppose 2*k - 3*y + 0*y = 66, -3*k + 105 = -3*y. What is the remainder when 152 is divided by k?
35
Suppose 5*a = 3*o + 52, 10 = a + 2*o - 3. Suppose -2*m - 314 = m + z, -5*z = 2*m + 218. Let i = -73 - m. What is the remainder when i is divided by a?
9
Suppose -b = 5*b - 72. What is the remainder when 20 is divided by b?
8
Let g(n) = -n**3 + n**2 + 2*n + 2. Let d = -19 + 33. Let i = 15 + d. What is the remainder when i is divided by g(-2)?
9
Let m(q) = q**3 - 2*q**2 + 7. What is the remainder when 62 is divided by m(3)?
14
Let b = 26 + -21. What is the remainder when 17 is divided by b?
2
Let r(q) = -q**3 + 7*q**2 + 2. Let u be r(7). Suppose -u*o = 12 - 0. Let j(l) = -l. What is the remainder when 17 is divided by j(o)?
5
Let z(i) = 7*i**2 + 3*i - 5. What is the remainder when z(2) is divided by 11?
7
Suppose -46 = -4*n + 2. Let s = -13 + -16. Let d = s + 62. What is the remainder when d is divided by n?
9
Suppose 0 = -2*y - y + 480. Suppose -3*u - 4*k = -123, -3*u - u + y = 4*k. Let d = -27 + 40. Calculate the remainder when u is divided by d.
11
Let z = 47 + -43. What is the remainder when 8 is divided by z?
0
Let h be 3/(-2)*(-1 - 1). Suppose -h*j = -j - 6. Suppose 1 = -j*t + 4. What is the remainder when t is divided by 1?
0
Let n(w) = -28*w + 1. Let y be n(1). Let o = y + 41. Calculate the remainder when 2/4 + (-102)/(-4) is divided by o.
12
Suppose 4*j - 38 = 2*x, -x - 37 = -j - 6*x. Suppose p + 3*b - j = 0, -5*p + 3*b = 4*b - 74. What is the remainder when 29 is divided by p?
14
Let t = 101 + -11. Calculate the remainder when t is divided by 31.
28
Let u(h) = -2*h**2 + 18*h - 7. What is the remainder when 60 is divided by u(8)?
6
Let g(n) = 3*n**3 - n + 2. Calculate the remainder when 29 is divided by g(1).
1
Let z = 38 - 26. Calculate the remainder when 45 is divided by z.
9
Let b(a) = -17*a - 1. Let n be 3*2*2/(-12). Calculate the remainder when 46 is divided by b(n).
14
Let x(r) = 10*r + 7. Let s(b) = -10*b - 5. Calculate the remainder when s(-7) is divided by x(1).
14
Suppose 1 = 3*c - 8. What is the remainder when 38 is divided by c?
2
Suppose -17 + 87 = 5*f. Calculate the remainder when 40 is divided by f.
12
Let r(m) = -m**2 - 26*m + 73. Calculate the remainder when 181 is divided by r(-27).
43
Suppose w = r - 23, -r + 11 = 3*w - 24. What is the remainder when 45 is divided by r?
19
Let i(x) = x**3 + 7*x**2 + 3*x - 6. Calculate the remainder when i(-4) is divided by 8.
6
Let w = 20 - 11. Suppose -5*l - 15 = 0, -2*g - 3*g + 3*l - 6 = 0. Let b = g + w. Calculate the remainder when 21 is divided by b.
3
Let w = 5 + -8. What is the remainder when 25 is divided by (-1 + 3 - -10) + w?
7
Let j = 17 - -36. Calculate the remainder when j is divided by 18.
17
Suppose 3*o = 5*t + 24, -o - 2*o - 3 = 4*t. What is the remainder when (-5)/(-25) + (-132)/(-15) is divided by o?
0
Let r = -53 - -67. What is the remainder when 38 is divided by r?
10
Suppose -36 = -4*o + 2*o. Suppose -2*h + 29 + 1 = 2*s, -2*h - s = -25. Calculate the remainder when o is divided by h.
8
Suppose -5*i + 35 = -0*i. Let h(q) = -q**2 + 5*q + 10. Let o be h(i). What is the remainder when o - -29 - (-2)/1 is divided by 14?
13
Let p be (-50)/(-4) + 3/6. Suppose 0*v + p = v. Calculate the remainder when 25 is divided by v.
12
Let o be 1*5/(-2)*-2. Let n = o - -10. What is the remainder when n is divided by 9?
6
Let n be 1 - (3 + 0) - -50. What is the remainder when (10/8)/(2/n) is divided by 11?
8
Suppose 4*s = 3 + 41. Suppose 13*g - s*g - 6 = 0. Calculate the remainder when g is divided by 1.
0
Let b(t) = -t**3 - t**2 + 41. What is the remainder when 79 is divided by b(0)?
38
Let b be (-3)/(-1*(-3)/(-2)). Suppose -95 = -b*w + 49. What is the remainder when w is divided by 15?
12
Suppose w + w - 20 = 0. What is the remainder when 57 is divided by w?
7
Let t = -23 + 28. What is the remainder when 33 is divided by t?
3
Let v = 7 + -6. Suppose -5 = -2*q + v. Suppose -r + q*r - s = 39, -2*s + 41 = 3*r. What is the remainder when 32 is divided by r?
15
Suppose -2*y - 81 + 87 = 0. Calculate the remainder when 8 is divided by y.
2
Suppose -3*g + 9 = 0, b - 7 = g + 14. Let k = b - 10. Calculate the remainder when k is divided by 5.
4
Let p(o) = -2*o**3 - o**2 